+ 7*c**2 - 8*c + 13. Suppose -7 = -5*n - 2. What is the remainder when x(6) is divided by n?
0
What is the remainder when 59 is divided by (2 + 5)*(-60)/(-14)?
29
Let q = 27 + -10. Calculate the remainder when 31 is divided by q.
14
Let f = 17 + -2. Let h(q) = -2*q - 4. Let k be h(-4). Suppose 3*v - 29 = -4*m, 4 = -3*m + k*m + 4*v. Calculate the remainder when f is divided by m.
7
Let k(l) = 18*l - 1. What is the remainder when 32 is divided by k(1)?
15
Let b(d) = d**3 + 9*d**2 - 13*d - 14. Let c be b(-10). Suppose 3*p - 128 = 5*j, c = p + 2*j + 3*j. What is the remainder when p is divided by 13?
10
Suppose 12*o - 13*o + 50 = 0. Suppose -f + 3*d + 5 = 0, d = 5*f - 31 - o. What is the remainder when f is divided by 5?
2
Let r(p) = p + 4. What is the remainder when 13 is divided by r(-2)?
1
Let x(a) = 26*a + 2. Calculate the remainder when x(2) is divided by 14.
12
Suppose 4*d - 4*w - 28 = -0*w, 4*d = -3*w + 63. Suppose -d - 26 = -2*r. Suppose -2*n - 2 = 2, 5*n - 4 = -2*z. Calculate the remainder when r is divided by z.
5
What is the remainder when (38/5)/(4/10) is divided by 21/2 + (-4)/(-8)?
8
Let q(h) = h**2 + 4*h - 12. Let y(b) = -b**3 + 7*b**2 + 3*b - 4. What is the remainder when q(-9) is divided by y(7)?
16
Let r = 15 - 9. What is the remainder when (-11)/((0 - -1)/(-1)) is divided by r?
5
Let d be (-4)/(-3)*(5 + -2). Suppose 3*w = 4*j - 12 - d, -3*j = 5*w - 12. Suppose w*h - 5*h + 125 = 0. Calculate the remainder when h is divided by 9.
7
Suppose 4*t = -2*h + 7*h - 30, 0 = -4*h + t + 35. Suppose -2*u = -44 + 10. Calculate the remainder when u is divided by h.
7
Let i be 15/(((-3)/4)/(-1)). Let d = i + -8. What is the remainder when d is divided by 5?
2
Let p(i) = -i**2 + i + 1. Let u(s) = -5*s**2 + 14*s + 12. Let q(a) = 6*p(a) - u(a). Calculate the remainder when 22 is divided by q(-6).
4
Let j = -37 + 56. What is the remainder when j is divided by 11?
8
Let b = -88 + 134. Let i(p) = 2*p + 30. What is the remainder when b is divided by i(-7)?
14
Suppose -2*k + 5*k = 36. Suppose 0 = -2*z + 6*z - k. Calculate the remainder when 7 is divided by z.
1
Calculate the remainder when 40 is divided by (6/(-5))/(6/(-105)).
19
Suppose -3*f + 32 = f. Calculate the remainder when 13 is divided by f.
5
Let w = 57 - 30. What is the remainder when w is divided by 7?
6
Suppose -4 = 2*j - 0*j. Let w be (6*(3 + j))/2. Suppose w*i = 5*i - 16. Calculate the remainder when i is divided by 5.
3
Let u = 9 + -6. Suppose u*r + 0 = 12. Calculate the remainder when r is divided by 2.
0
Let o = -66 - -73. What is the remainder when 16 is divided by o?
2
Let t(s) = s**2 + 3*s - 14. What is the remainder when t(8) is divided by 26?
22
Let u = 175 + -107. Suppose -3*t = 6*z - z - 256, z = 5*t + u. What is the remainder when z is divided by 18?
17
Suppose 0 = -2*r + 5 + 3. Suppose -r*p + 4 = -3*p. Calculate the remainder when 7 is divided by p.
3
Let s(y) = y**3 - 6*y**2 - 5*y + 10. What is the remainder when 70 is divided by s(7)?
22
Let l = -4 - -5. Suppose -44 - l = -5*a. Calculate the remainder when 26 is divided by a.
8
Suppose 3 = -3*f + 15. What is the remainder when 15 is divided by f?
3
Let s be ((-2)/2)/((-1)/4). Let x be (-14)/s*(-4)/7. Suppose x*i + 0*i - 32 = 0. What is the remainder when 29 is divided by i?
13
Let k(j) = 2*j + 30. Calculate the remainder when 5 is divided by k(-13).
1
Suppose 3*h - 235 = -2*h. Let r = h - 22. Calculate the remainder when r is divided by 14.
11
Let u = 57 + -30. Suppose -15 = -3*w - 2*v, -3*w - 5*v = w - u. Let i(j) = -j**3 + 5*j**2 - 5*j + 2. What is the remainder when i(3) is divided by w?
2
Let w(u) = 20*u**2 - 1. What is the remainder when (-4 - -5)/(2/74) is divided by w(-1)?
18
Suppose 85 + 155 = 4*i. What is the remainder when i is divided by 21?
18
Let q(d) = d + 16. Calculate the remainder when 64 is divided by q(9).
14
Let t(y) = 4*y - 18. What is the remainder when 75 is divided by t(11)?
23
Let m be 7/(-28) + (-30)/8. Let a = m - -4. Calculate the remainder when 23 + a*(-1)/2 is divided by 6.
5
Suppose 38*y - 124 = 34*y. What is the remainder when 60 is divided by y?
29
Let j = -136 + 140. Calculate the remainder when (3*1)/(3/9) is divided by j.
1
Suppose 0 = -3*i + 2*i + 11. Suppose l - 35 = i. Suppose 2*t - 2*p - l = 0, t - 4*p = 19 - 2. Calculate the remainder when t is divided by 9.
7
Let m = 9 + -13. What is the remainder when (-245)/m - (-1)/(-4) is divided by 16?
13
Let y = -6 - -10. Let n = 10 + y. Suppose -2*d + 120 = d. What is the remainder when d is divided by n?
12
Let x be (2/5)/((-1)/5). Let r = x + 10. Suppose -6 - r = -2*h. What is the remainder when 13 is divided by h?
6
Suppose 3*c = 6 - 0. Suppose 4*d + 2*m + 2*m = 24, c*d = m + 12. Let n = 31 - 16. Calculate the remainder when n is divided by d.
3
Let b(h) = h**3 + 7*h**2 - 8*h + 9. What is the remainder when b(-8) is divided by 6?
3
Let w(s) be the first derivative of 5*s**2/2 - 13*s - 1. Let l be ((-12)/9)/(10/(-75)). What is the remainder when w(l) is divided by 13?
11
Let s(p) = 4*p**2 + 10*p + 5. Suppose -2*q = -0*n + 2*n - 178, 3*n - 351 = -4*q. What is the remainder when q is divided by s(-4)?
26
Let k(d) = d**2 + d - 6. Let f(b) = -b**2 + 7*b - 4. Let n be f(6). Let w = -7 + n. Calculate the remainder when 40 is divided by k(w).
12
Let r = 112 - 51. Let b = -41 + r. What is the remainder when b is divided by 11?
9
Let o(v) = -v**2 + 16*v + 22. What is the remainder when o(16) is divided by 6?
4
Suppose 3*d + 4 = -s, 3*s + 0*d - 23 = -2*d. Suppose 7*q = 2*q + 30. Suppose -w - q = -2*w. What is the remainder when s is divided by w?
5
Let t(k) = -5 + k - 3*k + 3*k - 6. Let w be t(6). Calculate the remainder when 47 is divided by (8/w)/(1/(-15)).
23
Let s = -17 + 71. Let h = -36 + s. What is the remainder when h is divided by 11?
7
Suppose 3*v + 65 + 121 = 0. Let p = -41 - v. What is the remainder when p is divided by 6?
3
Let k = 5 + 1. Let f(d) = -d**3 + d**2 + 4. What is the remainder when k is divided by f(0)?
2
Let x(t) = -t**3 + 7*t**2 + 7*t + 6. Let q be x(8). Calculate the remainder when 20*((-7)/(-4) - q) is divided by 19.
18
Calculate the remainder when 98 is divided by (4 + 147/(-12))/(1/(-4)).
32
Let q(a) = 1 - 2*a**2 + 19*a**2 + 0 + a**2. What is the remainder when q(2) is divided by 25?
23
Let y = -4 + 10. Calculate the remainder when 15 - (3 + 30/(-6)) is divided by y.
5
Let j(g) = -12*g. Suppose -3*n - 3 + 0 = 0. Let b = n - 0. Calculate the remainder when 22 is divided by j(b).
10
Let h(y) = y**2 - 5*y + 3. Let i be h(5). Let b be 0 + 1 + 0 - i. Calculate the remainder when 37 is divided by (1 + -3)*13/b.
11
Let j = -19 + 27. Calculate the remainder when 30 is divided by j.
6
Calculate the remainder when (-292)/(-5) - 16/40 is divided by 10.
8
Let i(c) = c**2 + 12*c - 11. Calculate the remainder when 10 is divided by i(-13).
0
Let a = 33 + -17. Let r = -13 - -22. Calculate the remainder when a is divided by r.
7
Let a(f) = f**3 - f + 1. Let v = 2 + -1. What is the remainder when 1 is divided by a(v)?
0
Suppose 3*r = -4*r + 98. Calculate the remainder when 20 is divided by r.
6
What is the remainder when 38 is divided by (-27)/(-3) - 6/(-3)?
5
Suppose 11*m - 138 = 5*m. What is the remainder when 68 is divided by m?
22
Suppose -p = 2*p + 6. Calculate the remainder when 1 is divided by p/((-4)/(2 + 0)).
0
Let y be 12/3 + (0 - 1). Calculate the remainder when 3/(18/8)*y is divided by 3.
1
Let c(l) = 4*l**2 + 2*l - 1. Suppose 3*m + 4 = o, m + 3*m = 4*o - 16. Suppose 0 = -k, -5*k + m - 5 = -5*z. Calculate the remainder when 8 is divided by c(z).
3
Let p(k) = k**3 - k**2 + 13. Let y be p(0). Let v = y + -8. Calculate the remainder when v is divided by 3.
2
Suppose -57 = -u + 4*d, -d - 93 = -3*u + u. Calculate the remainder when u is divided by 6 - 3 - (0 - 13).
13
Let l(o) = 13*o - 23. Let t(s) = -7*s + 12. Let z(u) = -6*l(u) - 11*t(u). Calculate the remainder when 11 is divided by z(0).
5
Let g(n) = -n**3 - 6*n**2 - 3*n - 8. Let o be g(-6). Calculate the remainder when 3 is divided by (-4)/o + (-24)/(-10).
1
Suppose 0*j - 3*j = 3. Let i be (j - 0)/(3/(-12)). Suppose 5*c - 85 = -5*k, 0*k - 84 = -i*c + 4*k. What is the remainder when c is divided by 5?
4
Let b(z) = z**3 - 12*z**2 + 10*z + 16. Let w be b(11). Suppose -2*c = 